*2 - 11*z + 21. Let h be g(20). Let s = -382 + h. List the prime factors of s.
3, 73
Let y be ((-28)/70)/((-3)/4800). Let n = y + -143. What are the prime factors of n?
7, 71
Suppose 115*l - 41120 = 99*l. What are the prime factors of l?
2, 5, 257
Let n = 60300 - 41132. List the prime factors of n.
2, 599
Let q(k) = 40*k - 49. Let l be q(2). Suppose l*f - 3451 = 2*f. What are the prime factors of f?
7, 17
Let u(o) = 5*o - 13. Let m be u(3). Suppose -11*l = m*l - 65. Suppose 0 = l*h - 15, 0*v - 5*v + 266 = 2*h. What are the prime factors of v?
2, 13
Let c be -8*28/40*(1 - -14). What are the prime factors of -117*(-2)/(-4)*c/9?
2, 3, 7, 13
Let o = 3743 - 1040. What are the prime factors of o?
3, 17, 53
Let j be 9/((-27)/(-12)) - 0. Suppose -6*d = j*d - 2930. List the prime factors of d.
293
Let g(r) = -r**3 + 10*r**2 - 8*r - 20. Let v be g(7). Suppose 86*f - 12600 = v*f. List the prime factors of f.
2, 3, 5, 7
Let g(l) = -l**3 - 13*l**2 - 33*l - 10. Let i be g(-10). Let t = i + 2. What are the prime factors of t?
2, 11
Let f(u) = 171*u**2. Let r be f(1). Suppose 5*g + 38 - 12 = 2*i, -1 = 5*i + 4*g. Suppose i*c + r = 2*z, -2*z - z + 5*c = -259. What are the prime factors of z?
2, 3, 13
Suppose 9*m = 12*m - 144. Suppose 10*n - 63626 = -m*n. What are the prime factors of n?
1097
Suppose 4*w - 4*j - 91352 = 0, 2*w - 3*j + 4*j = 45697. List the prime factors of w.
3, 5, 1523
Let o = -198 - -202. Suppose k - l - 490 = 0, -6*k + 981 = -o*k - l. List the prime factors of k.
491
Let s(h) = -h**3 + 9*h**2 - 13*h - 5. Let z be s(7). Suppose -710 = -z*i + 528. List the prime factors of i.
619
Suppose 134*z + 262910 = 195*z. List the prime factors of z.
2, 5, 431
Suppose x = 34 - 24. Let d(c) = 2*c - 17. Let b be d(x). Suppose -159 = -3*n - 3*s, b*s = 2*n - 34 - 87. List the prime factors of n.
2, 7
List the prime factors of (-1 + 651)*(14 + -5) - (-49 + 57).
2, 23, 127
Suppose 430*v + 21996 = 436*v. Suppose 19*q - 25*q = -v. List the prime factors of q.
13, 47
Let k = 41 - 56. Let v(m) = 4*m**3 + 7 + 13*m - 3*m - 5*m**3 - 14*m**2. List the prime factors of v(k).
2, 41
Suppose 18*z + 7363 - 156929 = 43088. What are the prime factors of z?
7, 11, 139
Suppose -2*b - 19*r + 18*r + 19528 = 0, 0 = 4*r - 32. What are the prime factors of b?
2, 5, 61
Let z be 0 + -3 - -3 - 0. Let i(j) = 2*j + 46. Let d be i(z). Let x = d - -63. List the prime factors of x.
109
List the prime factors of 4/48 + 174982/24.
23, 317
List the prime factors of -597*(-46 + 9) + 5/((-20)/(-28)).
2, 1381
Let c be (16/10)/(18/10845). Suppose -6*g + 4*g + c = 2*d, 0 = 5*g - 4*d - 2365. List the prime factors of g.
3, 53
Let z be ((-172)/10)/((-1)/(-9 - -4)). Suppose 10 = 2*f + 70. Let p = f - z. List the prime factors of p.
2, 7
Suppose 3*r - 1338 = 5*v, 4*v + 2071 + 159 = 5*r. Let j = r + 648. List the prime factors of j.
2, 547
Let r(t) = 264*t + 9253. List the prime factors of r(43).
5, 13, 317
Suppose -20 = i - 110. Suppose -l = r + i, -2*r = l - 6*l + 201. Let b = r - -232. What are the prime factors of b?
139
Let l(r) = 71*r**2 - 9*r - 575. List the prime factors of l(-15).
5, 13, 239
Let i = 5 + -5. Suppose i*g - 42 = -7*g. Suppose 0 = -g*a + 162. What are the prime factors of a?
3
Suppose 19910 = 15*k - 10195. What are the prime factors of k?
3, 223
Let v(b) = 28*b + 7. Suppose -143 = 6*z + 49. Let x = z - -35. What are the prime factors of v(x)?
7, 13
Let r = -71 - -75. Suppose -5*k = -2*k + 3*h - 6, 2*k - 4*h - r = 0. Suppose 276 = 5*s - k*s. What are the prime factors of s?
2, 23
Let o(h) = -3*h - 16. Let i be o(-6). Suppose 3*x - i*x - 488 = 3*r, -3*x + 1504 = r. Suppose -2*c = -7*c + x. What are the prime factors of c?
2, 5
Let i be (12/(-10))/(21/(-1890)). Suppose 113 + 184 = -11*c. Let h = c + i. What are the prime factors of h?
3
Let n(r) = 4056*r**3 - 6*r**2 + 51*r - 69. List the prime factors of n(2).
3, 31, 349
Let t(j) = -6339*j**3 + j**2 + 2*j + 1. What are the prime factors of t(-1)?
3, 2113
Suppose -5*h - 44 = 2*m, -m - 68 = 4*m + 2*h. Let y(v) = -14*v + 83. List the prime factors of y(m).
251
Let y = -237 - -247. What are the prime factors of 1/((-5)/y)*-2 + 362?
2, 3, 61
Let x = 15 + -14. What are the prime factors of (181 - x)*15/10?
2, 3, 5
Let w(a) = 1560*a + 10249. What are the prime factors of w(10)?
25849
Let h(v) = -254*v - 227. Let z be h(-4). Suppose 8*n - 7*n - 799 = -l, -n = -l - z. What are the prime factors of n?
2, 397
Suppose 2 = 11*t - 12*t. Let y be 1568/(-9) - 4/(-18). List the prime factors of (-3)/(-1) + -2 + y/t.
2, 11
Let f(g) = g**2 + 14*g - 7. Let v be f(-6). Let o = -50 - v. Suppose 2*s - 468 = -3*s + 4*m, 5*m = o*s - 465. What are the prime factors of s?
2, 3
Let g = 38 - 48. Let h(q) = q**3 + 10*q**2 - 5*q - 14. Let m be h(g). Suppose -3*a = 3 - m. List the prime factors of a.
11
Let q(w) = 4*w - 10. Let v be q(3). Suppose v*l + 3 = 77. Let a = 65 + l. List the prime factors of a.
2, 3, 17
Let z = -3 - -5. Let a(n) = -n**2 - 19*n - 86. Let c be a(-11). Suppose -198 + 26 = -5*j + c*k, -z*j + 3*k + 71 = 0. List the prime factors of j.
2, 17
Let g(n) = -n - 10. Let r = -97 - -84. Let l be g(r). What are the prime factors of (-9)/(5/(-20)*l)?
2, 3
Suppose 6*l + 21 = -3. List the prime factors of (-3)/((-7045)/(-1765) + l).
353
What are the prime factors of 8927*(8 - (3 - -4))?
79, 113
Suppose -5 = -f, 5*a - 3*f - 1569 = -434. List the prime factors of a.
2, 5, 23
Suppose 0 = 3*z - m - 47272, -192*m - 31514 = -2*z - 191*m. List the prime factors of z.
2, 7879
Let q(m) = 8*m**3 - 9*m**2 + 5*m + 5. Let f(z) = -14*z**3 + 19*z**2 - 10*z - 10. Let n(d) = 3*f(d) + 5*q(d). List the prime factors of n(-4).
5, 67
Let y(l) = -l**2 + 7*l. Let f(v) = v**2 - 7*v - 2. Let m(a) = -3*f(a) - 4*y(a). Suppose 0 = -2*z + 13 + 3. What are the prime factors of m(z)?
2, 7
Let a = 22217 - 10512. List the prime factors of a.
5, 2341
Let b be ((-3)/(-4))/3 + 11194/(-232). Let k = 353 - b. List the prime factors of k.
401
Suppose 4*v - 12028 = 2*u, -2*u - 2857 - 3157 = -2*v. What are the prime factors of v?
31, 97
Suppose -3*m + 2*m = -2. Suppose 4*b - 4 = 5*b + 2*s, m*b = 3*s + 13. List the prime factors of ((-2256)/20)/(b/(-5)).
2, 3, 47
List the prime factors of -5 + 17230 + (2/4 - 1)*0.
5, 13, 53
Let b(s) = -7 + 25 + 89*s + 5*s**2 - 102*s. Let r be b(9). Suppose 2*a - 6*a = 3*h - 305, 3*h = -3*a + r. List the prime factors of h.
103
Suppose -3*k + 6 = 0, 9 = -u - 2*k - 12. Let v be 1 + -80 + 29 + u. Let a = -53 - v. What are the prime factors of a?
2, 11
Let o(s) = 2*s**2 + 35*s - 96. Let w be o(-31). Let y = w + -370. What are the prime factors of y?
7, 53
Let u = -759 + 384. Let s = u + 1114. What are the prime factors of s?
739
What are the prime factors of -2 + 1 + -3 - (-6 - (26868 + -8))?
2, 3, 11, 37
Suppose -5*d - 32 - 9 = -3*q, -2*d = 5*q - 58. Suppose 17*w - q*w - 3305 = 0. List the prime factors of w.
661
Let k be (560/44)/4 + 4/(-22). Let a be 6*7*(-420)/(-49). Suppose 11*v = k*v + a. What are the prime factors of v?
3, 5
Let z be 6*-86 + 0 - 0/(-9). Let t = z - -952. List the prime factors of t.
2, 109
Suppose 258 = 12*s + 7542. Let h = s - -1447. What are the prime factors of h?
2, 3, 5, 7
Suppose 44 - 8 = -18*a. List the prime factors of a/(-22) + 127034/418.
2, 19
Let i(m) = 4*m**3 + 0*m**3 - 25*m**2 + 1 - 3*m**3 + m + 8. Let y be i(25). Suppose y = 2*v - 0*v + 4*b, 0 = 5*v - 5*b - 70. List the prime factors of v.
3, 5
Suppose -582*y = -638*y + 246008. What are the prime factors of y?
23, 191
Suppose -4*a - 247 = y, -5*y - 289 - 921 = -5*a. Let m be (y/(-4))/(6/16). Suppose 0 = -4*s + m + 58. List the prime factors of s.
5, 11
Suppose -4*k + i = -16 - 7, 3*i = -9. Suppose c = -2*a + 2007, -k*a - 4*c + 5129 = 116. List the prime factors of a.
3, 5, 67
Let i = -1076 + 1649. Let b = 13 + -4. Suppose -i = -12*y + b*y. What are the prime factors of y?
191
Suppose -9*c + 5259 - 10004 + 82991 = 0. What are the prime factors of c?
2, 3, 7, 23
Let o be (8/(-10))/(43/(-5) + 9). What are the prime factors of 2 + o/6*-3 - -564?
3, 7
Let t(b) = -657*b**3 + 3*b**2 + 2*b. Let n be t(-1). Suppose n = 11*q - 4*q. Let i = 144 - q. What are the prime factors of i?
2, 5
Let h = 4117 - 2896. Let z = h + -671. What are the prime factors of z?
2, 5, 11
Let y be (51/(-34))